3*f. Let k be ((-56)/f)/((-1)/3). Let v = -16 - k. Is v a multiple of 10?
False
Is 30 a factor of (0 + 336)/4 + 15/(-5)?
False
Let w = 1024 - 619. Does 15 divide w?
True
Let p(m) = -m - 9. Let t(l) = l + 9. Let j(y) = 3*p(y) + 4*t(y). Let r be j(-5). Does 5 divide 12/r - 2 - -30?
False
Suppose 4*c = -2*a + 4 + 6, -3*a = -5*c - 4. Let b(j) = -j + c - 2*j - 1 + 3. Is b(-3) a multiple of 5?
False
Suppose 0 = -4*s + 7*s + 234. Suppose 6*a - 3*a = 0. Is (a + 2)/((-4)/s) a multiple of 16?
False
Let a(o) = o. Let y be a(4). Let l(k) = k**2 - 2*k + 1. Let x be l(6). Let h = x - y. Is 21 a factor of h?
True
Let a(f) = 137*f**3 - 1. Let b be a(-1). Let p = -60 - b. Is p a multiple of 28?
False
Let g(i) = 20*i**3 - 3*i**2 + 3*i + 3. Is g(3) a multiple of 52?
False
Suppose -12*w + 1152 = -4*w. Suppose 3*u = x - 156, -u + 196 + w = 2*x. Is x a multiple of 24?
True
Suppose 28*u - 101183 = -22419. Is 97 a factor of u?
True
Suppose -24*d + 5*o = -26*d + 2243, -2*o + 3359 = 3*d. Is d a multiple of 67?
False
Let m(w) = -w**3 + 13*w**2 - 2*w - 22. Let s be m(12). Let j = -18 + s. Is j a multiple of 10?
True
Let i = 643 + -156. Does 22 divide i?
False
Let b = 411 - 157. Is 6 a factor of b?
False
Suppose -43*n = -168*n + 5625. Is n a multiple of 15?
True
Suppose -3*s + 2*s - 297 = d, -4*s = 2*d + 584. Let k = 499 + d. Is k a multiple of 10?
False
Is -6*(-3)/(-12)*12188/(-66) a multiple of 29?
False
Suppose 1568 = 3*s - 4*u, -s - 2*u + 1592 = 2*s. Does 4 divide s?
True
Suppose -3 = n, i + 2*i + 4*n = 54. Suppose 0 = 10*p - 7*p - 30. Let m = i - p. Is 4 a factor of m?
True
Suppose -5704 = -2*d + 3*d. Is 34 a factor of 3/9 + (d/6)/(-4)?
True
Let r be 26/6 + ((-2)/3)/2. Is 17 a factor of (-798)/(-12) + 6/r?
True
Let a = 4 - 7. Let c = -33 + a. Let b = -10 - c. Is 10 a factor of b?
False
Suppose 3953 = 7*m + 117. Is 137 a factor of m?
True
Let d(y) = -y - 5. Let a be d(-8). Let h(j) = 2*j + j**2 + 1 + 0 + 1 + 0*j**2. Does 4 divide h(a)?
False
Suppose -4*z + 172 = 5*c - 40, -c + 54 = z. Suppose z = 7*x - 6*x. Is 15 a factor of x?
False
Suppose 5*n - 183 = 622. Suppose 0 = -5*x + 2*w + n, x = 2*x + w - 28. Is 12 a factor of x?
False
Let h be (28/(-70))/((-2)/30). Does 11 divide (3 - (h + -2))*-33?
True
Let m(s) = s**2 + 3*s + 38. Let v be m(11). Let u = v + -124. Is u a multiple of 19?
False
Suppose -5*s + 4*x + 6909 = 0, -1 = -x - 2. Is s a multiple of 13?
False
Let k(x) = 3*x**3 + 4*x**2 - 11*x + 3. Is k(3) a multiple of 2?
False
Let a be (-3)/(-18) - 354/(-36). Let d = 2 + a. Is 6 a factor of d?
True
Suppose 9*x - 4562 = 4222. Is x a multiple of 50?
False
Suppose -8*v - 8720 = 2*v. Is v/(-5) + 7 + (-185)/25 a multiple of 29?
True
Let n(x) = -x**2 + 38*x - 241. Does 24 divide n(24)?
False
Let y(o) = 6*o - 5. Let j be y(0). Let g(t) = t**2 - 8*t - 11. Is g(j) a multiple of 9?
True
Suppose -3 = 2*s + 5. Is s/(-18) - 3234/(-27) a multiple of 23?
False
Let m = 11 - 28. Let c(z) = -16*z - 56. Is 54 a factor of c(m)?
True
Let d(t) = t**3 - 6*t**2 + 4*t - 1. Suppose 4*n - 20 - 4 = 0. Does 17 divide d(n)?
False
Let s(o) = -o**3 + 3*o**2 + 3*o + 2. Let t be s(4). Let m be 11/t*-4 + -2. Let l = m - -8. Does 7 divide l?
True
Let r(m) = 3*m**3 - 5*m**2 + 2*m - 2. Let d be r(2). Suppose 0 = -d*o + 63 + 273. Is o a multiple of 13?
False
Is -2190*(8/(-10) + (-18)/(-135)) a multiple of 10?
True
Let i = 181 - 52. Suppose -18 - i = -3*h. Does 10 divide h?
False
Suppose -27*z + 26*z + 4*b + 81 = 0, -329 = -5*z + b. Is z a multiple of 5?
True
Let v be (2 + -1)/(7/224*8). Is 4/(-8) - (-1010)/v a multiple of 42?
True
Let x(z) = -2*z**3 - 7*z**2 - z + 3. Is 8 a factor of x(-6)?
False
Let d(x) = x**3 - 19*x**2 + x - 14. Let s be (228/60)/((-1)/(-5)). Let g be d(s). Suppose 38 = g*p - 72. Is p a multiple of 4?
False
Let q = 2790 - 1980. Is q a multiple of 15?
True
Let n be ((-9)/6*-1)/(1/(-10)). Does 13 divide (6*(n - (-3 + 1)))/(-1)?
True
Suppose -4*f + 267 = 3*m - 478, m + 365 = 2*f. Suppose 5*p = -3*b + f, -2*b + 5*p - 32 + 163 = 0. Does 9 divide b?
True
Let g(f) = -8*f - 4. Suppose 3*m + 2*m = -60. Let i be g(m). Let t = -17 + i. Does 23 divide t?
False
Let u(r) = 46*r**2 - 2*r + 1. Let n(v) = 2*v - 21. Let x be n(11). Does 15 divide u(x)?
True
Let j(a) = 2*a**2 + 13*a - 39. Is j(6) a multiple of 7?
False
Suppose -5*t + 8*t = 3, 2*p - 2*t - 1824 = 0. Is 19 a factor of p?
False
Let g = -136 - -138. Suppose g*w = 202 + 278. Is w a multiple of 12?
True
Let h(i) = i. Let p(r) = 7*r - 6. Let n(d) = -5*h(d) + p(d). Let j be n(5). Suppose 8*s = j*s + 96. Is s a multiple of 12?
True
Let n(d) = d**3 - 8*d**2 + 8*d + 1. Suppose -5*k + 52 = -4*v, v + 12 = 9. Is 10 a factor of n(k)?
False
Let b = 821 + -689. Does 3 divide b?
True
Let q = -34 - -57. Suppose -120 = -m + i, 2*m + 4*i - q - 193 = 0. Does 14 divide m?
False
Let i be 4 - (-16)/(-2)*1/2. Does 27 divide 92 - ((-1 - i) + 5)?
False
Is (1/3 - 54/27)*-165 a multiple of 25?
True
Suppose -10*b + 495 = -21*b. Let k = b + 75. Is k a multiple of 10?
True
Let q = -14 + 104. Suppose 10*i - 4*i = q. Is i a multiple of 5?
True
Let j(t) = 7*t**2 + 403*t + 26. Does 50 divide j(-58)?
True
Suppose 12 = 11*t - 10. Is (1482/(-273))/(t/14*-1) a multiple of 38?
True
Suppose -2*g - 3*a = 0, 2*a - a = -3*g. Suppose 9*t - 13*t + 28 = g. Let l(c) = -c**2 + 9*c + 6. Does 10 divide l(t)?
True
Let w = -1353 - -1703. Is 25 a factor of w?
True
Suppose -4*h + 2*h - 3*l = 8, 12 = -3*l. Suppose 194 = h*u + 30. Suppose 0 = 4*w - 2*w - u. Does 12 divide w?
False
Let r = 1993 - 651. Does 27 divide r?
False
Let u = -166 + 403. Does 12 divide u?
False
Let y(z) = 158*z + z**2 + 0*z**2 - 161*z + 1. Does 2 divide y(-3)?
False
Let k be -2 + 9 - (-8 + 11). Suppose 10*c - k*c = 210. Is c a multiple of 21?
False
Suppose 5*p + 47 = -3*b, -2*p + 8 = -b - 4. Let d = b + 42. Is 9 a factor of d?
False
Let o(x) = 3 + 0*x + x + 2*x - 4*x. Suppose 10 = -5*n - 25. Is 10 a factor of o(n)?
True
Let c(a) = -a**2 - 17*a + 13. Let z = 19 - 32. Let q be c(z). Suppose 11*w - q = 6*w. Is w a multiple of 13?
True
Is 37 a factor of (-2)/4 - (-5785)/26?
True
Let j(s) = s**2 - s - 1. Let h(r) = -10*r**2 + 7*r + 6. Let v(p) = -h(p) - 6*j(p). Let q be v(3). Suppose -q - 3 = -2*y. Does 18 divide y?
True
Let o(c) = -c**2 + 6*c - 3. Let d be o(4). Suppose -2*g - 7 = -3*y, d*y = 3*y - g + 7. Is 4 a factor of (34*-1)/(y + -5)?
False
Let c(s) = -s**2 - 3*s + 4. Let j be c(-7). Let p = -6 - j. Suppose 0 = -2*t + 10 + p. Does 14 divide t?
True
Let v be 1/(11/5 + -2). Suppose 4*j + 3*x - 28 + v = 0, 0 = -5*x + 25. Does 17 divide j + -1 - (-2 + -14)?
True
Let u(j) = j**2 - j + 9. Let h = -2 - 3. Let s be (h + 2)/(-3) - 7. Is 21 a factor of u(s)?
False
Let m be (666/(-4))/(-1)*2. Suppose -6*s + s - h = -m, -h - 195 = -3*s. Does 22 divide s?
True
Let y(s) = s**3 - 7*s**2 - s - 1. Let j(p) = 3*p**3 - 15*p**2 - p - 1. Let z(c) = 2*j(c) - 5*y(c). Suppose 2*h = -o - 8, -o + h + 0 = 2. Does 7 divide z(o)?
True
Suppose 34*j = -47*j + 17577. Does 13 divide j?
False
Suppose 3*v + 8 = 4*l, 3*v = -2*v + 20. Suppose -l*i + 2*h + 292 = 5*h, i = 4*h + 63. Is i a multiple of 18?
False
Let v = -471 + 475. Does 3 divide v?
False
Let d(y) = -9*y + 175. Is 7 a factor of d(-21)?
True
Suppose h - 1 = 1. Let d = -106 + 122. Suppose -50 = -h*j - d. Is j a multiple of 5?
False
Does 11 divide ((3 - 2)*2)/(6/759)?
True
Suppose 6831*a - 6835*a = -8. Suppose -4*b - 12 = -3*t - 3, 5*t - 2*b - 15 = 0. Suppose -i = -a*i - t*w + 129, -w = -4*i + 477. Is 24 a factor of i?
True
Let y = -2 - -16. Suppose 975*v + 270 = 980*v. Let h = v - y. Is 10 a factor of h?
True
Is 20 a factor of (40/36)/(-10) + 29524/36?
True
Suppose 6*v = f + v + 26, 0 = 3*f + 5*v + 78. Let z = 14 + f. Is -3 - 3/(z/160) a multiple of 26?
False
Let h(x) = -x**3 + 15*x**2 - 16*x + 12. Let v be h(12). Suppose -v = -2*p + 146. Is p a multiple of 17?
False
Suppose k + 18*k - 2337 = 0. Does 3 divide k?
True
Let m(p) = -65*p**3 + 3*p**2 + 2*p + 4. Does 20 divide m(-3)?
True
Let m = 2273 - 1110. Is m a multiple of 26?
False
Let h = 101 - -570. Is 84 a factor of h?
False
Let b(w) = w**3 + 2*w**2 - 3*w - 3. Let m be b(-2). Suppose 0 = -m*c - 2*c + 55. Is 9 a factor of (c/(-22))/(1/(-32))?
False
Suppose 2*s = -x + 240, 456 = 2*x + 4*s - 6*s. Let i = x - 52. Is 15 a factor of i?
True
Suppo